. Suppose -w*j - j + 1740 = 0. What are the prime factors of j?
2, 5, 29
Suppose b = 0, -4*b = -3*d - 0*b - 39. Let m(r) = -r**2 - 11*r - 8. Let j(f) = f**2 + 12*f + 9. Let a(c) = -4*j(c) - 5*m(c). List the prime factors of a(d).
2, 41
Suppose 26 = 8*k - 38. Suppose -10 = 3*w - 2*z, -k + 2 = -2*w - 5*z. Let h = w - -41. List the prime factors of h.
3, 13
Let s(c) = -c**2 + 14*c + 8. Let g be s(7). Let u = -55 + g. Suppose -4*a = u*a - 684. List the prime factors of a.
2, 3, 19
Let x(f) = 168*f**3 + 13*f**2 - 3*f + 12. List the prime factors of x(5).
2, 7, 1523
Suppose -52 = d + r, -r = 2*d + 4*r + 95. Let c = d - -60. Suppose 4*a - x - 63 = 0, c*a + 2*x - 20 = 62. What are the prime factors of a?
2
What are the prime factors of (-21)/(-28) + 13 + 2300326/56?
3, 13697
Suppose -3*g - 3*g = -930. Suppose g = 4*q + 3*s, 0*q - 5*q + 4*s = -155. Let o = q - -6. List the prime factors of o.
41
Let r(p) = -11*p**2 + 12*p - 30. Let i(h) = 6*h**2 - 10*h + 15. Let a(s) = -7*i(s) - 4*r(s). Let o be (17 + 0)*(-2 + 1). List the prime factors of a(o).
3, 73
List the prime factors of 1*((-9)/((-54)/68880) - 99/(-11)).
11489
Let g = 967 + -571. What are the prime factors of 0 + g - (11 + -16 - -1)?
2, 5
What are the prime factors of -8 + (-554058)/(-138) - 10 - (-6)/69?
7, 571
Suppose -3*k = -23 + 11. Let p = -84 + 87. Suppose h - 3*x + 89 = 5*h, -k*h + p*x + 95 = 0. What are the prime factors of h?
23
Suppose -21*t + 208394 = -31531. What are the prime factors of t?
5, 457
Let w(y) = 18*y**2. Let c be w(1). What are the prime factors of 906/(-9)*-4*c/12?
2, 151
Let l = 651 + -619. List the prime factors of 63/14*(-6)/(-4)*l.
2, 3
Let j = 1538 - 2273. Let g = j + 1090. List the prime factors of g.
5, 71
List the prime factors of (-228753)/(-180) - 3/(-20).
31, 41
Let o = 2311 + 4381. List the prime factors of o.
2, 7, 239
Let p be ((-4)/3)/((-343)/(-168) + -2). Let g be (-954)/8 - 8/p. Let z = g + 241. What are the prime factors of z?
2, 61
Suppose -6*p + 17 = -13. Suppose -p*z + 1664 = -3*g, -662 = -2*z + 3*g - 0*g. What are the prime factors of z?
2, 167
Let l(m) = -4*m**3 - m**2 + m + 1. Let o be l(-3). Suppose d - 6*x + 45 = 0, -2*d - 3*x - 46 = -4*x. Let v = o + d. What are the prime factors of v?
2, 19
Suppose 4 = w - 5*m - 11, 3*m = 4*w - 9. Let j(b) = -4*b - 58. Let p be j(w). Let i = 62 + p. What are the prime factors of i?
2
Suppose -15*x = -10*x. Suppose x = 3*w + 5*q - 368, w + 2*q - q = 124. Let t = w - 117. List the prime factors of t.
3
Suppose -t = i - 1041, -4*i = -3*t - 4193 + 57. List the prime factors of i.
17, 61
Suppose -5*m = -23 - 2. Suppose 4*n - 990 = -5*c, 1178 = m*n - 5*c - 37. Suppose -3*d = 4*u - 275, -4*u + 0*d + n = -3*d. What are the prime factors of u?
5, 13
Suppose -n - 4*w + 2907 = 0, -4*n - 8*w + 11676 = -4*w. Suppose 3*a + 6*c - 5*c - n = 0, c - 4 = 0. List the prime factors of a.
7, 139
Let n = 8821 - 2125. List the prime factors of n.
2, 3, 31
Let g(t) = 6*t**2 + 6*t + 30. Let b be g(-10). Suppose -c + 6*c + 5*l - b = 0, 4*c - 3*l - 421 = 0. List the prime factors of c.
109
Suppose -13150 - 8186 = -7*c. Suppose -14*i = -6*i - c. What are the prime factors of i?
3, 127
Let n = -28 + 44. Suppose n*h = 15*h - 40. Let v = h - -70. What are the prime factors of v?
2, 3, 5
Suppose -h - q = -750, 0 = 6*h - 8*h + 3*q + 1510. Suppose 4*m - 112 = h. List the prime factors of m.
2, 3
List the prime factors of ((-133)/19)/((-21)/22362).
2, 3727
Let u = 19575 + -12203. What are the prime factors of u?
2, 19, 97
Let k(h) = h**2 - 22*h + 27. Let r be k(21). Suppose 3*x - n + 12 = 0, -5*n = 10*x - 7*x - r. Let s(f) = -8*f**3 + 1. List the prime factors of s(x).
7, 31
Suppose 0*l - l - 21617 = -c, 0 = 5*l + 25. List the prime factors of c.
2, 3, 1801
Let m(x) = -x**3 - 14*x**2 + 16*x - 18. Let a be m(-17). Suppose 0 = -4*q - a + 2769. List the prime factors of q.
2, 137
Let l(c) be the third derivative of c**4/12 - 19*c**3/6 - 17*c**2. Let r be l(11). Suppose 0 = -2*v - r*v + 540. List the prime factors of v.
2, 3
Let v = 21 + 16. What are the prime factors of (v*-1)/(19/(-133))?
7, 37
Suppose -5*b = -y + 3, -2*y - 3*b + 39 = -5*y. Let d = 78 + y. What are the prime factors of d?
61
Let q = 140 + -140. Suppose a - 1997 = -4*z, q = -4*z - 5*a + 2591 - 606. List the prime factors of z.
2, 5
Suppose -3*s - 156 = -3*g, -g = 2*s + s - 36. Suppose -3*c - g + 598 = -5*q, -2 = q. List the prime factors of c.
2, 3, 5
Suppose -5*b + 650 = 5*t - 0*t, -b = 3*t - 122. Suppose 0 = -3*x - 41 - 214. Let i = x + b. What are the prime factors of i?
7
Let m be (-4 - 116/(-32)) + (-135)/(-40). Let i(v) = 2 - 2 + 32*v - 7. What are the prime factors of i(m)?
89
Suppose 1545139 - 4665176 = -43*f. What are the prime factors of f?
72559
Let q = -5886 + 11642. List the prime factors of q.
2, 1439
Let m(o) be the first derivative of 3/2*o**2 - 13 + 4*o. List the prime factors of m(0).
2
Suppose -55*c = -4*j - 59*c + 60776, -13*j = 4*c - 197477. List the prime factors of j.
3, 61, 83
Let s(j) = j**3 - j. Let t(a) = -8*a**3 - a**2 + 17*a + 25. Let d(h) = 5*s(h) + t(h). List the prime factors of d(-6).
5, 113
Suppose 113463 = 3*p + 6*r, -279*p + 3*r - 189161 = -284*p. List the prime factors of p.
157, 241
Let k be (-13)/((-104)/64)*79. Let z = -569 + k. List the prime factors of z.
3, 7
Let h(q) = 212*q + 2578. What are the prime factors of h(114)?
2, 43, 311
Let u = -130 - 71. Let a = u + 243. What are the prime factors of a?
2, 3, 7
Let f(o) = 16 - 87*o**3 + o**2 - 8 - 7. Let a be f(-1). Let l = 231 - a. What are the prime factors of l?
2, 71
Let m(r) be the third derivative of 4*r**5/15 + 11*r**3/6 - 102*r**2. List the prime factors of m(6).
587
Suppose 0 = -25*v + 310 - 85. Let k(o) be the third derivative of o**5/60 - o**4/4 - 3*o**3/2 + 2*o**2. What are the prime factors of k(v)?
2, 3
Suppose -4*x = -8*k - 27448, x - 7644 + 782 = -k. What are the prime factors of x?
2, 47, 73
Let c(v) = v**3 + 20*v**2 + 38*v + 40. Let x be c(-18). What are the prime factors of x*(-6)/(-12) - -837?
839
Let x = 65 + -62. Suppose 3*m = -x*v - 6, m = -2*v - 0 - 7. What are the prime factors of 3 - (-274)/((-1)/(m/(-6)))?
2, 5, 7
Let g(q) = 1832*q**2 + 12*q - 34. List the prime factors of g(2).
2, 3659
Let x = 41034 - 38574. What are the prime factors of x?
2, 3, 5, 41
What are the prime factors of ((-54)/8)/(1140/(-1693280))?
2, 3, 557
What are the prime factors of (22 - 18)*-1766*(-68)/32?
17, 883
Let v = 1259 - 831. Suppose -4*t - 77 = -5*a + 648, 3*a = t + v. List the prime factors of a.
3, 47
Suppose -5*t + 3*t + 8 = 0. Suppose 0 = -2*a - 4, -n + 4*n - t*a - 20 = 0. Suppose -5*v + 77 = 2*j, -5*j + 0 = -n*v + 55. What are the prime factors of v?
3, 5
Let u(a) = -3 + 4 - 11 + 4*a + 204*a**2 - 1 - 2. List the prime factors of u(2).
811
Suppose -11*b + 54475 - 41408 + 104941 = 0. List the prime factors of b.
2, 3, 149
Let g be ((-3)/(-1))/((-3)/(-574)). Let w = -240 + 247. Suppose w*p - g - 49 = 0. List the prime factors of p.
89
Let r = 80 - 49. Let v(t) = 2*t - 29 - 2*t + 18*t - r. What are the prime factors of v(14)?
2, 3
Let s = 2827 + -2629. What are the prime factors of s?
2, 3, 11
Let h(y) = 22 + 24*y - 2 + 12*y + 2*y**2 - 8*y. Let d be h(-14). Let l = 13 + d. List the prime factors of l.
3, 11
Let w(d) = -d**3 - 7*d**2 - 9*d - 25. Let x be w(-6). Let s(t) = -36*t + 71. What are the prime factors of s(x)?
17, 19
Let w(n) = 2*n**2 - 11*n + 2. Let b(u) be the third derivative of u**5/20 + 5*u**4/12 + u**3/2 + 12*u**2. Let l be b(-4). List the prime factors of w(l).
3, 41
Suppose -1242769 = -27*o + 50612. List the prime factors of o.
47903
Let f(m) = 2*m - 1 + 11*m**3 - 3*m**2 - 181*m**3 - 5*m + 0*m. What are the prime factors of f(-1)?
13
Suppose -4*o - 3*v + 14045 = 0, v = 5*o - 14630 - 2950. Suppose -4*s + 3520 = -4*h, -2*s + 5*h + o = 2*s. What are the prime factors of s?
3, 5, 59
Let c(x) = -9*x + 59. Let z be c(6). Suppose 18*t + z*u = 22*t - 693, 15 = 5*u. List the prime factors of t.
3, 59
Let i be (119*26)/7 + -1. Let b = i + -40. What are the prime factors of b?
401
Suppose -365*o + 123838 = -352*o. List the prime factors of o.
2, 11, 433
Suppose 72*a - 3530 = 62*a. Let d = a + -294. List the prime factors of d.
59
Let j = 13361 + -1696. What are the prime facto